{"id":198,"date":"2021-09-04T09:09:28","date_gmt":"2021-09-04T09:09:28","guid":{"rendered":"http:\/\/vilajura.lt\/?page_id=198"},"modified":"2025-01-27T19:32:44","modified_gmt":"2025-01-27T19:32:44","slug":"kainos","status":"publish","type":"page","link":"https:\/\/vilajura.lt\/index.php\/kainos\/","title":{"rendered":"Kainos"},"content":{"rendered":"\n<figure class=\"wp-block-table\"><table><tbody><tr><td><strong>Numeriai<\/strong><\/td><td><strong>Gali gyventi<\/strong><\/td><td><strong>Vieta<\/strong><\/td><td><strong>06.01 &#8211; 06.30<\/strong><\/td><td><strong>07.01 &#8211; 08.31<\/strong><\/td><\/tr><tr><td>Nr. 1 su terasa<\/td><td>iki 4 asm.<\/td><td>I a. su 20 kv.m terasa<\/td><td>80 Eur<\/td><td>100 Eur<\/td><\/tr><tr><td>Nr.2 su terasa<\/td><td>Iki 4 asm.<\/td><td>I a. su 20 kv.m terasa<\/td><td>80 EUR<\/td><td>100 EUR<\/td><\/tr><tr><td>Nr.3<\/td><td>Iki 4 asm<\/td><td>II a.<\/td><td>70 EUR<\/td><td>90 EUR<\/td><\/tr><tr><td>Nr.4<\/td><td>Iki 2 asm<\/td><td>II a.<\/td><td>60 EUR<\/td><td>70 EUR<\/td><\/tr><tr><td>Nr.5<\/td><td>Iki 4 asm<\/td><td>II a.<\/td><td>70 EUR<\/td><td>90 EUR<\/td><\/tr><\/tbody><\/table><\/figure>\n\n\n\n<h2>Nuostatai<\/h2>\n\n\n\n<p>Rezervuojant apartamentus pra\u0161omas 30 % avansas pavedimu. <\/p>\n\n\n\n<p>U\u017esakymas patvirtinamas gavus rezervacijos mokest\u012f \u2013 30% nuo visos sumos<\/p>\n\n\n\n<p>Rezervacijos mokest\u012f pra\u0161ome pervesti i\u0161 karto po susitarimo<\/p>\n\n\n\n<p>Likusi pinig\u0173 suma sumokama atvykimo dien\u0105 tik grynaisiais pinigais<\/p>\n\n\n\n<p><strong>Nemokamas rezervacijos at\u0161aukimas<\/strong> &#8211; 5 savait\u0117s iki u\u017esakyto poilsio prad\u017eios (v\u0117liau rezervacijos mokestis negr\u0105\u017einamas)<\/p>\n\n\n\n<p><strong>Sutrumpinus poilsiavimo laik\u0105, pinigai negr\u0105\u017einami<\/strong><\/p>\n\n\n\n<p><strong>Ne\u012fskai\u010diuota \u012f kain\u0105 \u2013 &#8220;Pagalv\u0117s&#8221; mokestis (savivaldyb\u0117s rinkliava) asmeniui parai \u2013 2 \u20ac (vaikams iki 18 met\u0173 mokestis neskai\u010diuojamas)<\/strong><\/p>\n\n\n\n<p><\/p>\n","protected":false},"excerpt":{"rendered":"<p>Numeriai Gali gyventi Vieta 06.01 &#8211; 06.30 07.01 &#8211; 08.31 Nr. 1 su terasa iki 4 asm. I a. su 20 kv.m terasa 80 Eur 100 Eur Nr.2 su terasa Iki 4 asm. I a. su 20 kv.m terasa 80 EUR 100 EUR Nr.3 Iki 4 asm II a. 70 EUR 90 EUR Nr.4 Iki [&hellip;]<\/p>\n","protected":false},"author":1,"featured_media":0,"parent":0,"menu_order":0,"comment_status":"closed","ping_status":"closed","template":"","meta":[],"_links":{"self":[{"href":"https:\/\/vilajura.lt\/index.php\/wp-json\/wp\/v2\/pages\/198"}],"collection":[{"href":"https:\/\/vilajura.lt\/index.php\/wp-json\/wp\/v2\/pages"}],"about":[{"href":"https:\/\/vilajura.lt\/index.php\/wp-json\/wp\/v2\/types\/page"}],"author":[{"embeddable":true,"href":"https:\/\/vilajura.lt\/index.php\/wp-json\/wp\/v2\/users\/1"}],"replies":[{"embeddable":true,"href":"https:\/\/vilajura.lt\/index.php\/wp-json\/wp\/v2\/comments?post=198"}],"version-history":[{"count":6,"href":"https:\/\/vilajura.lt\/index.php\/wp-json\/wp\/v2\/pages\/198\/revisions"}],"predecessor-version":[{"id":688,"href":"https:\/\/vilajura.lt\/index.php\/wp-json\/wp\/v2\/pages\/198\/revisions\/688"}],"wp:attachment":[{"href":"https:\/\/vilajura.lt\/index.php\/wp-json\/wp\/v2\/media?parent=198"}],"curies":[{"name":"wp","href":"https:\/\/api.w.org\/{rel}","templated":true}]}}