{"id":8,"date":"2016-11-23T00:34:53","date_gmt":"2016-11-23T00:34:53","guid":{"rendered":"https:\/\/oceanwp.org\/stylish\/?page_id=8"},"modified":"2021-09-06T08:38:00","modified_gmt":"2021-09-06T08:38:00","slug":"home","status":"publish","type":"page","link":"https:\/\/vilajura.lt\/","title":{"rendered":"Home"},"content":{"rendered":"\t\t<div data-elementor-type=\"wp-page\" data-elementor-id=\"8\" class=\"elementor elementor-8\" data-elementor-settings=\"[]\">\n\t\t\t\t\t\t\t<div class=\"elementor-section-wrap\">\n\t\t\t\t\t\t\t<section class=\"elementor-section elementor-top-section elementor-element elementor-element-6tvy454 elementor-section-height-min-height elementor-section-boxed elementor-section-height-default elementor-section-items-middle\" data-id=\"6tvy454\" data-element_type=\"section\" data-settings=\"{&quot;background_background&quot;:&quot;slideshow&quot;,&quot;background_slideshow_gallery&quot;:[{&quot;id&quot;:335,&quot;url&quot;:&quot;http:\\\/\\\/vilajura.lt\\\/wp-content\\\/uploads\\\/2021\\\/09\\\/DSC_9399-min-min-scaled.jpg&quot;},{&quot;id&quot;:144,&quot;url&quot;:&quot;http:\\\/\\\/vilajura.lt\\\/wp-content\\\/uploads\\\/2021\\\/08\\\/Aplinka6.jpg&quot;},{&quot;id&quot;:143,&quot;url&quot;:&quot;http:\\\/\\\/vilajura.lt\\\/wp-content\\\/uploads\\\/2021\\\/08\\\/Aplinka5.jpg&quot;},{&quot;id&quot;:139,&quot;url&quot;:&quot;http:\\\/\\\/vilajura.lt\\\/wp-content\\\/uploads\\\/2021\\\/08\\\/1_opt3.jpg&quot;},{&quot;id&quot;:142,&quot;url&quot;:&quot;http:\\\/\\\/vilajura.lt\\\/wp-content\\\/uploads\\\/2021\\\/08\\\/Aplinka3.jpg&quot;},{&quot;id&quot;:252,&quot;url&quot;:&quot;http:\\\/\\\/vilajura.lt\\\/wp-content\\\/uploads\\\/2021\\\/09\\\/nr-2-rytinis-139433.jpg&quot;}],&quot;background_slideshow_loop&quot;:&quot;yes&quot;,&quot;background_slideshow_slide_duration&quot;:5000,&quot;background_slideshow_slide_transition&quot;:&quot;fade&quot;,&quot;background_slideshow_transition_duration&quot;:500}\">\n\t\t\t\t\t\t\t<div class=\"elementor-background-overlay\"><\/div>\n\t\t\t\t\t\t\t<div class=\"elementor-container elementor-column-gap-default\">\n\t\t\t\t\t<div class=\"elementor-column elementor-col-100 elementor-top-column elementor-element elementor-element-sk8ylc5\" data-id=\"sk8ylc5\" data-element_type=\"column\">\n\t\t\t<div class=\"elementor-widget-wrap elementor-element-populated\">\n\t\t\t\t\t\t\t\t<div class=\"elementor-element elementor-element-8mmzn2w elementor-widget elementor-widget-heading\" data-id=\"8mmzn2w\" data-element_type=\"widget\" data-widget_type=\"heading.default\">\n\t\t\t\t<div class=\"elementor-widget-container\">\n\t\t\t<h2 class=\"elementor-heading-title elementor-size-default\">Vila J\u016bra<\/h2>\t\t<\/div>\n\t\t\t\t<\/div>\n\t\t\t\t<div class=\"elementor-element elementor-element-kulr3ye elementor-widget elementor-widget-text-editor\" data-id=\"kulr3ye\" data-element_type=\"widget\" data-widget_type=\"text-editor.default\">\n\t\t\t\t<div class=\"elementor-widget-container\">\n\t\t\t\t\t\t\t<p>Jaukus poilsis Palangoje, Kunigi\u0161k\u0117se<\/p>\t\t\t\t\t\t<\/div>\n\t\t\t\t<\/div>\n\t\t\t\t\t<\/div>\n\t\t<\/div>\n\t\t\t\t\t\t\t<\/div>\n\t\t<\/section>\n\t\t\t\t\t\t<\/div>\n\t\t\t\t\t<\/div>\n\t\t","protected":false},"excerpt":{"rendered":"<p>Vila J\u016bra Jaukus poilsis Palangoje, Kunigi\u0161k\u0117se<\/p>\n","protected":false},"author":1,"featured_media":0,"parent":0,"menu_order":0,"comment_status":"closed","ping_status":"closed","template":"","meta":[],"_links":{"self":[{"href":"https:\/\/vilajura.lt\/index.php\/wp-json\/wp\/v2\/pages\/8"}],"collection":[{"href":"https:\/\/vilajura.lt\/index.php\/wp-json\/wp\/v2\/pages"}],"about":[{"href":"https:\/\/vilajura.lt\/index.php\/wp-json\/wp\/v2\/types\/page"}],"author":[{"embeddable":true,"href":"https:\/\/vilajura.lt\/index.php\/wp-json\/wp\/v2\/users\/1"}],"replies":[{"embeddable":true,"href":"https:\/\/vilajura.lt\/index.php\/wp-json\/wp\/v2\/comments?post=8"}],"version-history":[{"count":18,"href":"https:\/\/vilajura.lt\/index.php\/wp-json\/wp\/v2\/pages\/8\/revisions"}],"predecessor-version":[{"id":348,"href":"https:\/\/vilajura.lt\/index.php\/wp-json\/wp\/v2\/pages\/8\/revisions\/348"}],"wp:attachment":[{"href":"https:\/\/vilajura.lt\/index.php\/wp-json\/wp\/v2\/media?parent=8"}],"curies":[{"name":"wp","href":"https:\/\/api.w.org\/{rel}","templated":true}]}}